{"id":2,"date":"2010-02-23T20:13:49","date_gmt":"2010-02-23T19:13:49","guid":{"rendered":"http:\/\/www.ajdnik.fr\/exploralyon\/?page_id=2"},"modified":"2025-05-25T10:11:52","modified_gmt":"2025-05-25T08:11:52","slug":"about","status":"publish","type":"page","link":"https:\/\/www.exploralyon.fr\/?page_id=2","title":{"rendered":"Pr\u00e9sentation"},"content":{"rendered":"<p>ExploraLyon, fond\u00e9e en f\u00e9vrier 2010, est une organisation \u00e0 but non lucratif dont l&rsquo;objectif est de valoriser le patrimoine de Lyon et de ses environs.<\/p>\n<p>Elle aborde l&rsquo;histoire, l&rsquo;architecture, la culture au travers de lieux, d&rsquo;\u00e9v\u00e9nements et de personnages remarquables.<\/p>\n<p>Elle s&rsquo;adresse aussi bien aux nouveaux arrivants qu&rsquo;aux habitants souhaitant se r\u00e9-approprier leur ville.<\/p>\n<p>Actuellement, ses moyens consistent essentiellement en:<\/p>\n<ul>\n<li>la r\u00e9daction d&rsquo;articles sur ce site web<\/li>\n<li>la diffusion d&rsquo;une lettre d&rsquo;information (voir la page <a href=\"..\/?page_id=45\" target=\"_self\">Inscription<\/a>)<\/li>\n<li>l&rsquo;organisation de visites guid\u00e9es<\/li>\n<li>des partenariats avec des associations de sauvegarde du patrimoine<\/li>\n<\/ul>\n<p>Laurent Ajdnik<\/p>\n","protected":false},"excerpt":{"rendered":"<p>ExploraLyon, fond\u00e9e en f\u00e9vrier 2010, est une organisation \u00e0 but non lucratif dont l&rsquo;objectif est de valoriser le patrimoine de Lyon et de ses environs. Elle aborde l&rsquo;histoire, l&rsquo;architecture, la culture au travers de lieux, d&rsquo;\u00e9v\u00e9nements et de personnages remarquables. &hellip; <a href=\"https:\/\/www.exploralyon.fr\/?page_id=2\">Continuer la lecture <span class=\"meta-nav\">&rarr;<\/span><\/a><\/p>\n","protected":false},"author":1,"featured_media":0,"parent":0,"menu_order":0,"comment_status":"closed","ping_status":"open","template":"","meta":{"_monsterinsights_skip_tracking":false,"_monsterinsights_sitenote_active":false,"_monsterinsights_sitenote_note":"","_monsterinsights_sitenote_category":0,"jetpack_post_was_ever_published":false,"footnotes":""},"class_list":["post-2","page","type-page","status-publish","hentry"],"jetpack_shortlink":"https:\/\/wp.me\/PPzUa-2","jetpack_sharing_enabled":true,"_links":{"self":[{"href":"https:\/\/www.exploralyon.fr\/index.php?rest_route=\/wp\/v2\/pages\/2","targetHints":{"allow":["GET"]}}],"collection":[{"href":"https:\/\/www.exploralyon.fr\/index.php?rest_route=\/wp\/v2\/pages"}],"about":[{"href":"https:\/\/www.exploralyon.fr\/index.php?rest_route=\/wp\/v2\/types\/page"}],"author":[{"embeddable":true,"href":"https:\/\/www.exploralyon.fr\/index.php?rest_route=\/wp\/v2\/users\/1"}],"replies":[{"embeddable":true,"href":"https:\/\/www.exploralyon.fr\/index.php?rest_route=%2Fwp%2Fv2%2Fcomments&post=2"}],"version-history":[{"count":9,"href":"https:\/\/www.exploralyon.fr\/index.php?rest_route=\/wp\/v2\/pages\/2\/revisions"}],"predecessor-version":[{"id":1278,"href":"https:\/\/www.exploralyon.fr\/index.php?rest_route=\/wp\/v2\/pages\/2\/revisions\/1278"}],"wp:attachment":[{"href":"https:\/\/www.exploralyon.fr\/index.php?rest_route=%2Fwp%2Fv2%2Fmedia&parent=2"}],"curies":[{"name":"wp","href":"https:\/\/api.w.org\/{rel}","templated":true}]}}