{"id":45,"date":"2010-03-01T19:07:59","date_gmt":"2010-03-01T17:07:59","guid":{"rendered":"http:\/\/www.ajdnik.fr\/exploralyon\/?page_id=45"},"modified":"2025-05-25T10:11:52","modified_gmt":"2025-05-25T08:11:52","slug":"inscription","status":"publish","type":"page","link":"https:\/\/www.exploralyon.fr\/?page_id=45","title":{"rendered":"Recevoir la lettre"},"content":{"rendered":"<p style=\"text-align: justify;\">Pour recevoir la lettre d&rsquo;ExploraLyon, envoyez un message vide \u00e0 <a href=\"mailto:abonnement@exploralyon.fr\" target=\"_blank\">abonnement@exploralyon.fr<\/a> et votre adresse sera automatiquement ajout\u00e9e \u00e0 la liste des destinataires (apr\u00e8s v\u00e9rification par l&rsquo;administrateur).<\/p>\n","protected":false},"excerpt":{"rendered":"<p>Pour recevoir la lettre d&rsquo;ExploraLyon, envoyez un message vide \u00e0 abonnement@exploralyon.fr et votre adresse sera automatiquement ajout\u00e9e \u00e0 la liste des destinataires (apr\u00e8s v\u00e9rification par l&rsquo;administrateur).<\/p>\n","protected":false},"author":1,"featured_media":0,"parent":0,"menu_order":0,"comment_status":"closed","ping_status":"closed","template":"","meta":{"_monsterinsights_skip_tracking":false,"_monsterinsights_sitenote_active":false,"_monsterinsights_sitenote_note":"","_monsterinsights_sitenote_category":0,"jetpack_post_was_ever_published":false,"footnotes":""},"class_list":["post-45","page","type-page","status-publish","hentry"],"jetpack_shortlink":"https:\/\/wp.me\/PPzUa-J","jetpack_sharing_enabled":true,"_links":{"self":[{"href":"https:\/\/www.exploralyon.fr\/index.php?rest_route=\/wp\/v2\/pages\/45","targetHints":{"allow":["GET"]}}],"collection":[{"href":"https:\/\/www.exploralyon.fr\/index.php?rest_route=\/wp\/v2\/pages"}],"about":[{"href":"https:\/\/www.exploralyon.fr\/index.php?rest_route=\/wp\/v2\/types\/page"}],"author":[{"embeddable":true,"href":"https:\/\/www.exploralyon.fr\/index.php?rest_route=\/wp\/v2\/users\/1"}],"replies":[{"embeddable":true,"href":"https:\/\/www.exploralyon.fr\/index.php?rest_route=%2Fwp%2Fv2%2Fcomments&post=45"}],"version-history":[{"count":12,"href":"https:\/\/www.exploralyon.fr\/index.php?rest_route=\/wp\/v2\/pages\/45\/revisions"}],"predecessor-version":[{"id":1279,"href":"https:\/\/www.exploralyon.fr\/index.php?rest_route=\/wp\/v2\/pages\/45\/revisions\/1279"}],"wp:attachment":[{"href":"https:\/\/www.exploralyon.fr\/index.php?rest_route=%2Fwp%2Fv2%2Fmedia&parent=45"}],"curies":[{"name":"wp","href":"https:\/\/api.w.org\/{rel}","templated":true}]}}